3) in base 10?
-12
What is -1 (base 4) in base 5?
-1
What is 222 (base 6) in base 13?
68
Convert 27 (base 8) to base 10.
23
Convert 13 (base 12) to base 15.
10
-2 (base 10) to base 12
-2
-4 (base 6) to base 16
-4
What is -121 (base 7) in base 15?
-44
What is 43 (base 11) in base 12?
3b
Convert 41 (base 11) to base 6.
113
4 (base 9) to base 15
4
-4 (base 11) to base 14
-4
-5 (base 14) to base 6
-5
What is 3 (base 5) in base 16?
3
What is 2b (base 15) in base 13?
32
What is 4 (base 10) in base 5?
4
12 (base 15) to base 6
25
Convert 3 (base 8) to base 2.
11
What is 21 (base 9) in base 10?
19
10111 (base 2) to base 16
17
What is -43 (base 15) in base 13?
-4b
-114 (base 5) to base 14
-26
What is b (base 15) in base 13?
b
Convert -2 (base 11) to base 4.
-2
Convert 3 (base 16) to base 12.
3
What is b (base 14) in base 13?
b
Convert 6 (base 13) to base 12.
6
What is -221 (base 9) in base 10?
-181
Convert -3 (base 7) to base 14.
-3
Convert 130 (base 10) to base 14.
94
Convert 160 (base 14) to base 11.
235
What is 67 (base 10) in base 3?
2111
Convert -572 (base 8) to base 5.
-3003
Convert e6 (base 16) to base 13.
149
7 (base 12) to base 10
7
1 (base 4) to base 6
1
What is -6 (base 13) in base 11?
-6
Convert 425 (base 9) to base 15.
182
107 (base 13) to base 2
10110000
-10 (base 8) to base 13
-8
Convert 1 (base 13) to base 3.
1
Convert -1314 (base 5) to base 7.
-416
14 (base 6) to base 9
11
What is 96 (base 15) in base 13?
ab
Convert 1240 (base 5) to base 15.
d0
What is -240 (base 8) in base 11?
-136
Convert -4 (base 16) to base 11.
-4
What is 0 (base 9) in base 5?
0
11 (base 2) to base 8
3
3 (base 14) to base 12
3
What is -2 (base 7) in base 3?
-2
What is -101000111 (base 2) in base 10?
-327
Convert -3 (base 10) to base 7.
-3
What is 1110 (base 2) in base 8?
16
6 (base 12) to base 8
6
Convert -3 (base 15) to base 11.
-3
Convert -10 (base 4) to base 8.
-4
-5 (base 16) to base 12
-5
Convert 5 (base 12) to base 5.
10
3 (base 9) to base 12
3
-1 (base 15) to base 3
-1
-3 (base 9) to base 3
-10
8 (base 16) to base 5
13
What is -2 (base 5) in base 9?
-2
-4 (base 13) to base 7
-4
What is 2 (base 6) in base 16?
2
What is -2 (base 16) in base 12?
-2
Convert 7 (base 13) to base 11.
7
-4 (base 15) to base 14
-4
7 (base 12) to base 15
7
Convert -11 (base 5) to base 8.
-6
Convert 0 (base 12) to base 14.
0
Convert 1 (base 5) to base 11.
1
What is -32 (base 14) in base 8?
-54
-1111111 (base 2) to base 5
-1002
-3 (base 9) to base 2
-11
Convert 1 (base 2) to base 8.
1
Convert 1 (base 4) to base 5.
1
What is -5 (base 10) in base 14?
-5
3 (base 4) to base 3
10
-1 (base 4) to base 12
-1
Convert -9 (base 12) to base 5.
-14
-3 (base 6) to base 8
-3
What is -1033 (base 4) in base 7?
-142
Convert 3 (base 8) to base 14.
3
Convert 2 (base 14) to base 6.
2
Convert b (base 16) to base 12.
b
Convert 1 (base 13) to base 5.
1
Convert -6 (base 16) to base 2.
-110
Convert -3 (base 13) to base 3.
-10
Convert -1 (base 11) to base 6.
-1
Convert -6 (base 15) to base 3.
-20
Convert 3 (base 9) to base 7.
3
Convert -a6 (base 14) to base 9.
-172
What is -2 (base 8) in base 12?
-2
What is -1011101 (base 2) in base 3?
-10110
What is -6 (base 11) in base 12?
-6
1 (base 4) to base 3
1
-83 (base 10) to base 8
-123
Convert 14c (base 13) to base 12.
175
What is -5 (base 9) in base 16?
-5
What is -12 (base 5) in base 7?
-10
5 (base 11) to base 5
10
What is 20001 (base 3) in base 5?
1123
What is -12 (base 4) in base 11?
-6
What is -2 (base 13) in base 11?
-2
246 (base 7) to base 10
132
What is -224 (base 8) in base 11?
-125
14 (base 12) to base 6
24
Convert 3 (base 6) to base 8.
3
-5 (base 14) to base 8
-5
What is 12 (base 10) in base 8?
14
Convert 1210 (base 3) to base 15.
33
What is -8 (base 14) in base 8?
-10
What is 1 (base 9) in base 10?
1
34 (base 8) to base 7
40
Convert 2 (base 11) to base 14.
2
Convert 26 (base 13) to base 12.
28
What is 2 (base 3) in base 8?
2
1 (base 15) to base 13
1
Convert -5 (base 7) to base 12.
-5
Convert -1 (base 9) to base 4.
-1
What is 1b (base 16) in base 7?
36
What is 1124 (base 5) in base 16?
a4
Convert -3 (base 12) to base 4.
-3
What is -102211 (base 3) in base 4?
-10333
Convert 34 (base 14) to base 2.
101110
24 (base 5) to base 14
10
What is 312 (base 10) in base 14?
184
Convert -2 (base 4) to base 8.
-2
Convert 2014 (base 5) to base 12.
197
Convert -76 (base 8) to base 2.
-111110
44 (base 5) to base 8
30
-4 (base 10) to base 11
-4
245 (base 9) to base 13
128
6 (base 14) to base 11
6
What is 100001 (base 2) in base 6?
53
Convert -232 (base 8) to base 6.
-414
3 (base 10) to base 4
3
Convert 4 (base 10) to base 14.
4
-1010 (base 2) to base 10
-10
What is -12 (base 9) in base 15?
-b
23 (base 9) to base 5
41
Convert 8 (base 12) to base 14.
8
What is -36 (base 9) in base 7?
-45
Convert -14 (base 8) to base 6.
-20
What is 0 (base 4) in base 11?
0
-99 (base 11) to base 6
-300
-11001 (base 2) to base 15
-1a
2 (base 10) to base 12
2
Convert 531 (base 6) to base 8.
307
100001 (base 2) to base 16
21
What is 41 (base 8) in base 14?
25
bd (base 15) to base 6
454
What is 101 (base 2) in base 9?
5
Convert -2 (base 8) to base 12.
-2
-83 (base 16) to base 11
-10a
Convert -14 (base 13) to base 14.
-13
What is -2 (base 11) in base 10?
-2
-2 (base 16) to base 12
-2
What is -2 (base 14) in base 16?
-2
-9 (base 14) to base 6
-13
22 (base 5) to base 12
10
Convert 21 (base 5) to base 11.
10
Convert -212 (base 6) to base 7.
-143
Convert 622 (base 7) to base 3.
102111
Convert 19 (base 15) to base 16.
18
1 (base 4) to base 5
1
-15 (base 16) to base 3
-210
f (base 16) to base 9
16
Convert 5 (base 6) to base 13.
5
What is 0 (base 16) in base 8?
0
What is -53 (base 7) in base 16?
-26
What is 1344 (base 5) in base 4?
3200
What is -36 (base 7) in base 5?
-102
Convert -1 (base 15) to base 8.
-1
Convert -2 (base 7) to base 12.
-2
-6 (base 11) to base 4
-12
Convert 0 (base 4) to base 10.
0
4 (base 16) to base 9
4
Convert 88 (base 12) to base 14.
76
Convert -1000 (base 2) to base 16.
-8
100 (base 2) to base 14
4
What is 2 (base 5) in base 16?
2
Convert 6 (base 16) to base 4.
12
What is -52 (base 8) in base 6?
-110
What is 3 (base 5) in base 8?
3
What is 7 (base 15) in base 5?
12
What is 113 (base 6) in base 16?
2d
Convert -1 (base 6) to base 2.
-1
1 (base 9) to base 11
1
178 (base 11) to base 14
10a
Convert 30 (base 14) to base 5.
132
22 (base 4) to base 12
a
Convert -210 (base 3) to base 8.
-25
Convert 72 (base 10) to base 12.
60
What is -2b (base 12) in base 11?
-32
What is -1 (base 14) in base 12?
-1
Convert 6 (base 10) to base 3.
20
103 (base 9) to base 8
124
Convert 1b (base 13) to base 2.
11000
2 (base 7) to base 14
2
Convert -10 (base 10) to base 14.
-a
What is 304 (base 6) in base 12?
94
11a (base 13) to base 15
cc
Convert -10001 (base 2) to base 14.
-13
Convert 8 (base 9) to base 7.
11
-145 (base 6) to base 7
-122
45 (base 10) to base 16
2d
8d (base 16) to base 5
1031
Convert -18 (base 11) to base 15.
-14
4 (base 5) to base 9
4
What is -21 (base 3) in base 7?
-10
-25 (base 11) to base 5
-102
What is -167 (base 10) in base 15?
-b2
11 (base 4) to base 2
101
Convert 4 (base 10) to base 3.
11
-82 (base 11) to base 4
-1122
What is 10 (base 4) in base 12?
4
21 (base 10) to base 15
16
Convert 1 (base 8) to base 13.
1
Convert -23 (base 7) to base 3.
-122
11 (base 9) to base 8
12
What is 37 (base 11) in base 9?
44
347 (base 8) to base 16
e7
What is 8 (base 14) in base 7?
11
Convert -53 (base 11) to base 10.
-58
357 (base 10) to base 7
1020
Convert 5a (base 14) to base 16.
50
Convert 11c (base 13) to base 10.
194
24 (base 5) to base 9
15
-b (base 14) to base 4
-23
Convert -4 (base 15) to base 8.
-4
What is 22 (base 3) in base 2?
1000
Convert -16 (base 7) to base 13.
-10
0 (base 11) to base 4
0
What is -3 (base 13) in base 14?
-3
What is 22 (base 3) in base 13?
8
Convert -3 (base 5) to base 14.
-3
Convert 11 (base 6) to base 14.
7
Convert -3 (base 14) to base 4.
-3
Convert 230 (base 5) to base 12.
55
10 (base 3) to base 9
3
Convert 4 (base 7) to base 3.
11
Convert 3b (base 16) to base 4.
323
Convert -221 (base 3) to base 4.
-121
Convert -49 (base 16) to base 6.
-201
77 (base 12) to base 14
67
Convert -22 (base 8) to base 3.
-200
Convert -3 (base 16) to base 7.
-3
Convert 0 (base 6) to base 8.
0
Co